- 2*c - 8. Let p be h(8). Suppose p*q + 18 = 41*q. What is the units digit of q?
8
Let q(x) = x**3 - 13*x**2 - 16*x + 24. Let u be q(14). Let s be 5 - 1 - (8 + u). Suppose 0 = -5*i - 5*r + 285, 6*r - r - 15 = s. What is the tens digit of i?
5
Let c(m) = -3825*m + 2285. What is the ten thousands digit of c(-10)?
4
Let m = -3 + 7. Suppose 4*l + 7*u + 3 = m*u, -5*l = 4*u + 4. Suppose 222 = -l*w + 3*w + o, 0 = -5*o. What is the units digit of w?
4
Suppose 3311 = y + y - 3*w, -5*y - w = -8286. Suppose -y = -5*c + 293. What is the tens digit of c?
9
Let w = 155 + -151. Suppose 0*j - j = -w*r + 1361, -3*j - 1032 = -3*r. What is the units digit of r?
9
Let y(z) = 25*z - 173. Let m be y(7). Suppose m*w + 5*p = 2279, 5*w - 5*p = -2*p + 5682. What is the tens digit of w?
3
Suppose 24*j - 25*j - j = -53172. What is the units digit of j?
6
Suppose 330 = 57*i - 35*i. What is the hundreds digit of -2 - (2/i + 14714/(-105))?
1
Suppose -2*b = 4*o + 2498, -b = 4*o - 2*b + 2495. Let s = 932 + o. What is the tens digit of s?
0
Let s(h) = -h**2 - 28*h + 4. Suppose 10*v + 36 = -184. What is the tens digit of s(v)?
3
Let o = 8428 - 6539. What is the units digit of o?
9
Let r = 36050 - -10130. What is the tens digit of r?
8
Let l be (20/(-25))/(((-39)/14490)/13). Suppose 26*p + l = 33*p. What is the hundreds digit of p?
5
Suppose -40*g + 23*g = -131971. What is the thousands digit of g?
7
Suppose d = 133*d - 338555 - 680617. What is the hundreds digit of d?
7
Let v(x) = 2*x**3 - 89*x**2 + 31*x - 39. What is the thousands digit of v(45)?
3
Let a(z) = -2*z - 12. Let t be a(-8). Suppose -5*v + 14 + 241 = t*d, -4*d = -v - 261. What is the tens digit of d?
6
Let m(t) = -t**2 - 38*t + 495. Let a be m(-42). Let k = -397 + 228. Let x = a + k. What is the tens digit of x?
5
Suppose -3*f + 26 = 5*c - 6*f, -2*f = 2*c - 4. Let k be c/(-22) + (-97)/11. Let o(a) = -5*a + 56. What is the units digit of o(k)?
1
Suppose 422435 = -43*c + 110*c. What is the units digit of c?
5
Let u = 17110 + -2893. What is the units digit of u?
7
Let b(t) be the second derivative of -403*t**3/2 + 9*t**2 + 316*t. What is the tens digit of b(-1)?
2
Suppose -41*d + 54*d = -17*d + 1890. What is the tens digit of d?
6
Suppose x = -5*b + 832 + 804, b = -4*x + 6544. What is the tens digit of x?
3
What is the units digit of (-1721)/2*((-73)/219 + 286/(-6))?
4
Let k(b) = -b**2 - 97*b - 30. Suppose 3*w + 149 = 95. What is the hundreds digit of k(w)?
3
Let v(f) = -2*f + 8. Let u be v(7). Let d be (9/u)/((45/10)/(-9)). What is the units digit of (610/(-30))/(1 + (-4)/d)?
1
Let u(r) = 7*r**3 - 7*r**2 - 78*r + 70. What is the units digit of u(10)?
0
Let h(n) = 1521*n + 903. What is the thousands digit of h(5)?
8
Let m(l) = 2*l**2 - 20*l - 16. Let g be m(11). Suppose g = y + 4*v + 5, -5*v = -5*y + 30. What is the units digit of y?
5
Suppose 0 = -5*p + 60 + 10. Suppose 0 = 2*q - p + 12. What is the tens digit of 69*q + (-3 + 7)/4?
7
Let w = 40176 + -20413. What is the thousands digit of w?
9
Suppose f + 4 = 5*k + 3*f, 0 = -4*k - 5*f - 7. Suppose 9 = -k*v - 3. What is the units digit of 344/(-6)*9/v?
6
Suppose 2716*z = 2730*z - 78442. What is the tens digit of z?
0
Let v = 94 - 94. Let g(r) = -r**2 - r + 86. What is the tens digit of g(v)?
8
Suppose -i - 517 = -2. Let b = i - -905. What is the tens digit of b?
9
Suppose 5*c - 5*d = 185810, -52*d - 260098 = -7*c - 54*d. What is the tens digit of c?
5
Let z(d) = 21*d - 172. Let i be z(10). Suppose -g + 42 = i. What is the units digit of g?
4
Suppose 2*s - 12 = j, -9 = s - 4*j - 22. Suppose -s*z + 5*r + 2965 = 0, -3*z - 2*r + 1783 = -3*r. What is the hundreds digit of z?
5
Let h(i) = 64*i**3 - 13*i**2 + 3*i - 38. What is the tens digit of h(5)?
5
Let x(b) = b. Let f be x(4). Let d(c) = -25*c - f*c + 3*c - 4 - 24*c. What is the tens digit of d(-2)?
9
Suppose 12*a - 5*a - 112 = 0. Suppose a = l + 19. What is the units digit of (-31)/(-2) + (-3 - l/2)?
4
Let r = 711 - -64965. What is the thousands digit of r?
5
Let p(k) = 5*k**2 - 26*k + 93. Let i be p(28). Suppose -r + 10*r = i. What is the hundreds digit of r?
3
Suppose 11*i = -10*i - 6*i + 1996353. What is the hundreds digit of i?
9
Let k(g) = 25*g**2 + 7*g - 25. Let r be (-6 - -4 - 1 - -6)/1. What is the hundreds digit of k(r)?
2
Let c = -3782 + 20285. What is the ten thousands digit of c?
1
Let k(h) = -18*h + 19. Let a(d) = 126*d - 132. Let y(j) = 2*a(j) + 15*k(j). Let o be (-4)/(-5)*60/(-8). What is the tens digit of y(o)?
2
What is the thousands digit of 9/((-144)/(-142064)) + 3/1?
8
What is the hundreds digit of (0 - 1714/(-8))/(261/15660)?
8
What is the hundreds digit of 4532/12 - (-43)/129?
3
Let q(s) = -58861*s - 88. What is the thousands digit of q(-1)?
8
Let q(o) = -4*o**2 + 58*o + 25. Let l(j) = -7*j**2 + 114*j + 50. Let f(t) = 3*l(t) - 5*q(t). What is the hundreds digit of f(25)?
7
Suppose -7 + 3 = -2*o - m, m = 0. Suppose -3*d + 2*a = -793, 6*d - 3*a = o*d + 1058. What is the hundreds digit of d?
2
Suppose -2*n + 5*u + 4355 = -6157, -4*n + 4*u = -21012. What is the hundreds digit of n?
2
Let q be 6*(-6)/(-216) + (-1)/6. Suppose 3 = y - 3*c, q = -4*y - 2*c + 91 - 23. What is the tens digit of y?
1
Let d(c) = 833*c**2 + 137*c + 65. What is the units digit of d(6)?
5
Let r = 332 - 332. Suppose r = 12*n - 357 - 2571. What is the hundreds digit of n?
2
Let a(o) = 6*o. Let i be a(1). Suppose -4*f - 291 = -363. Suppose 0*y = i*y - f. What is the units digit of y?
3
Let v be (-10880)/192*-1*18/(-4). Let p = v - -509. What is the units digit of p?
4
Let p = 31865 - 26907. What is the units digit of p?
8
Suppose -3 = 11*o - 14. Let d be 166 - ((-5)/o - -4). Suppose -4*s = y - d, s - 4*y + 5*y - 38 = 0. What is the units digit of s?
3
Suppose 2*m - 4*r - 40 = 0, -10*r - 68 = -4*m - 14*r. What is the tens digit of m/99 - (2 - 56391/33)?
0
Let u(i) = -69*i**3 - 2*i**2 - 48*i - 190. What is the tens digit of u(-3)?
9
Suppose 8 = 3*y + 20. Let w(k) = -9*k**2 + k. Let i(j) = -j**2 + j - 1. Let g(x) = 3*i(x) - w(x). What is the tens digit of g(y)?
8
Let d = 394 + -396. What is the units digit of d + 2*(-1869)/(-6)?
1
Let d = -2276 + 7859. What is the hundreds digit of d?
5
Let s = 46267 + 3784. What is the thousands digit of s?
0
Suppose -80*t = -25*t - 165. Suppose -s + 8839 = 3*h + 3299, t*h + 3*s - 5550 = 0. What is the hundreds digit of h?
8
Suppose 5*v + 0*h - 3*h + 6 = 0, 2*v + 10 = 5*h. Let x be (54/15)/(6/20). Let d = x - v. What is the tens digit of d?
1
Let c be (-68)/6*3/(-2)*11. Suppose 0 = o - 3*i - c, -2*o + 477 = -5*i + 102. Suppose m = 4*s - 139, -2*s - o = -7*s - 2*m. What is the tens digit of s?
3
Let c = 12910 + 16704. What is the hundreds digit of c?
6
Let q be 3*5/(-45)*9. Let l be 27/(-6)*q*(-4)/(-6). Suppose -2497 = -2*r - l*r. What is the hundreds digit of r?
2
Let d(c) = -1 + 4 + 4 + 9*c + 0*c. Let h be d(14). Suppose 79 = 2*g - h. What is the tens digit of g?
0
Suppose -h = 14 - 6. Let x(z) = z**3 + 9*z**2 + 8*z + 9. Let q be x(h). Let n(v) = v**2 - 5. What is the tens digit of n(q)?
7
Suppose -2*s - 4*j - 3 = -21, 51 = 4*s + 3*j. Suppose 13*h + 208 = s*h. Let l = -21 + h. What is the units digit of l?
3
Suppose 5*w - 1813 + 488 = -5*x, -4*w + 262 = x. Suppose -5*l - 295 - 285 = 0. Let j = x + l. What is the units digit of j?
0
Let v(a) = a**3 + 5*a**2 - 11*a + 17. Let w be v(-7). Let q be (26/(-4) - -1)*w. Suppose -5*r = -4*j - 250 + q, -2*j = -6. What is the units digit of r?
8
Let j be 0 - 0 - 7 - 0. Let n(h) be the second derivative of h**4/12 - 3*h**3/2 - 322*h - 4. What is the units digit of n(j)?
2
Suppose -22085*a + 1096547 = -22066*a. What is the hundreds digit of a?
7
Suppose 2*v = v + 34. Let h = v + -47. What is the units digit of -2*h*(-11)/(-2)?
3
Let f(h) be the third derivative of h**4/8 + 5*h**3/3 - 11*h**2. Let g be f(5). Let m = g - -12. What is the tens digit of m?
3
Suppose 4956*i = 4959*i + 3*z - 18588, 0 = 3*i + z - 18606. What is the tens digit of i?
0
Suppose 961*q + 2936 = 963*q. Suppose -2*s = 2*f - 980, 6*s - s = -3*f + q. What is the units digit of f?
1
Suppose -2*l - 118 - 62 = 0. Let c(a) = 14*a**2 - 7*a - 18. Let x be c(-3). Let n = l + x. What is the units digit of n?
9
Let u(g) = 5*g**3 + 4*g**2 - 2*g + 2. Let o(x) = -x**2. Let p(m) = -6*o(m) - u(m). Let n be p